{"id":2463,"date":"2023-05-28T15:58:16","date_gmt":"2023-05-28T15:58:16","guid":{"rendered":"http:\/\/puutavaraliiketvainio.fi\/?page_id=2463"},"modified":"2024-04-16T09:15:15","modified_gmt":"2024-04-16T09:15:15","slug":"palvelut","status":"publish","type":"page","link":"https:\/\/nurmijarvenrakennustarvike.fi\/?page_id=2463","title":{"rendered":"Palvelut"},"content":{"rendered":"\t\t<div data-elementor-type=\"wp-page\" data-elementor-id=\"2463\" class=\"elementor elementor-2463\">\n\t\t\t\t\t\t<section class=\"elementor-section elementor-top-section elementor-element elementor-element-72ac4fc9 elementor-section-content-middle elementor-section-boxed elementor-section-height-default elementor-section-height-default\" data-id=\"72ac4fc9\" data-element_type=\"section\" data-e-type=\"section\">\n\t\t\t\t\t\t<div class=\"elementor-container elementor-column-gap-no\">\n\t\t\t\t\t<div class=\"elementor-column elementor-col-100 elementor-top-column elementor-element elementor-element-985150a\" data-id=\"985150a\" data-element_type=\"column\" data-e-type=\"column\">\n\t\t\t<div class=\"elementor-widget-wrap elementor-element-populated\">\n\t\t\t\t\t\t<div class=\"elementor-element elementor-element-7f25c68f elementor-widget elementor-widget-heading\" data-id=\"7f25c68f\" data-element_type=\"widget\" data-e-type=\"widget\" data-widget_type=\"heading.default\">\n\t\t\t\t<div class=\"elementor-widget-container\">\n\t\t\t\t\t<h3 class=\"elementor-heading-title elementor-size-default\">Palvelut<\/h3>\t\t\t\t<\/div>\n\t\t\t\t<\/div>\n\t\t\t\t<section class=\"elementor-section elementor-inner-section elementor-element elementor-element-185ec84c elementor-section-boxed elementor-section-height-default elementor-section-height-default\" data-id=\"185ec84c\" data-element_type=\"section\" data-e-type=\"section\">\n\t\t\t\t\t\t<div class=\"elementor-container elementor-column-gap-wider\">\n\t\t\t\t\t<div class=\"elementor-column elementor-col-33 elementor-inner-column elementor-element elementor-element-27ba58d6\" data-id=\"27ba58d6\" data-element_type=\"column\" data-e-type=\"column\">\n\t\t\t<div class=\"elementor-widget-wrap elementor-element-populated\">\n\t\t\t\t\t\t<div class=\"elementor-element elementor-element-718542b9 elementor-widget elementor-widget-heading\" data-id=\"718542b9\" data-element_type=\"widget\" data-e-type=\"widget\" data-widget_type=\"heading.default\">\n\t\t\t\t<div class=\"elementor-widget-container\">\n\t\t\t\t\t<h2 class=\"elementor-heading-title elementor-size-default\">Levyjen sahaus<\/h2>\t\t\t\t<\/div>\n\t\t\t\t<\/div>\n\t\t\t\t<div class=\"elementor-element elementor-element-502e2cc2 elementor-widget elementor-widget-text-editor\" data-id=\"502e2cc2\" data-element_type=\"widget\" data-e-type=\"widget\" data-widget_type=\"text-editor.default\">\n\t\t\t\t<div class=\"elementor-widget-container\">\n\t\t\t\t\t\t\t\t\t<p>Meilt\u00e4 saat levyt m\u00e4\u00e4r\u00e4mittoihin sahattuna.<br \/>Pinnoitetut lastulevyt, lastulevyt, vanerit, ty\u00f6p\u00f6yt\u00e4tasot yms.<\/p>\t\t\t\t\t\t\t\t<\/div>\n\t\t\t\t<\/div>\n\t\t\t\t\t<\/div>\n\t\t<\/div>\n\t\t\t\t<div class=\"elementor-column elementor-col-33 elementor-inner-column elementor-element elementor-element-745eb1c2\" data-id=\"745eb1c2\" data-element_type=\"column\" data-e-type=\"column\">\n\t\t\t<div class=\"elementor-widget-wrap elementor-element-populated\">\n\t\t\t\t\t\t<div class=\"elementor-element elementor-element-40177054 elementor-widget elementor-widget-heading\" data-id=\"40177054\" data-element_type=\"widget\" data-e-type=\"widget\" data-widget_type=\"heading.default\">\n\t\t\t\t<div class=\"elementor-widget-container\">\n\t\t\t\t\t<h2 class=\"elementor-heading-title elementor-size-default\">M\u00e4\u00e4r\u00e4mittaan sahaukset<\/h2>\t\t\t\t<\/div>\n\t\t\t\t<\/div>\n\t\t\t\t<div class=\"elementor-element elementor-element-2446028f elementor-widget elementor-widget-text-editor\" data-id=\"2446028f\" data-element_type=\"widget\" data-e-type=\"widget\" data-widget_type=\"text-editor.default\">\n\t\t\t\t<div class=\"elementor-widget-container\">\n\t\t\t\t\t\t\t\t\t<p>Kaikenlaisen puutavaran katkaisu m\u00e4\u00e4r\u00e4mittaan.<\/p><p>Sahaus- ja katkaisupalvelumme toimii kes\u00e4aikana ainoastaan arkisin. Jos haluat noutaa m\u00e4\u00e4r\u00e4mittaiset tuotteet lauantaina, niin ilmoitathan mitat viimeist\u00e4\u00e4n torstain aikana.<\/p>\t\t\t\t\t\t\t\t<\/div>\n\t\t\t\t<\/div>\n\t\t\t\t\t<\/div>\n\t\t<\/div>\n\t\t\t\t<div class=\"elementor-column elementor-col-33 elementor-inner-column elementor-element elementor-element-5f4b6471\" data-id=\"5f4b6471\" data-element_type=\"column\" data-e-type=\"column\">\n\t\t\t<div class=\"elementor-widget-wrap elementor-element-populated\">\n\t\t\t\t\t\t<div class=\"elementor-element elementor-element-39b5dc0a elementor-widget elementor-widget-heading\" data-id=\"39b5dc0a\" data-element_type=\"widget\" data-e-type=\"widget\" data-widget_type=\"heading.default\">\n\t\t\t\t<div class=\"elementor-widget-container\">\n\t\t\t\t\t<h2 class=\"elementor-heading-title elementor-size-default\">H\u00f6yl\u00e4ys<\/h2>\t\t\t\t<\/div>\n\t\t\t\t<\/div>\n\t\t\t\t<div class=\"elementor-element elementor-element-4639afb4 elementor-widget elementor-widget-text-editor\" data-id=\"4639afb4\" data-element_type=\"widget\" data-e-type=\"widget\" data-widget_type=\"text-editor.default\">\n\t\t\t\t<div class=\"elementor-widget-container\">\n\t\t\t\t\t\t\t\t\t<p>H\u00f6yl\u00e4ys tilauksesta. J\u00e4rvenp\u00e4\u00e4n toimipisteess\u00e4mme Puutavaraliike T. Vainio Oy:st\u00e4 l\u00f6ytyy oma h\u00f6yl\u00e4\u00e4m\u00f6, jossa h\u00f6yl\u00e4\u00e4mme suuren osan myymist\u00e4mme paneeleista, listoista ja\u00a0 sileist\u00e4 puutavaroistamme itse. Teemme my\u00f6s vuokrah\u00f6yl\u00e4yksi\u00e4 asiakkaan omasta puutavarasta.<\/p>\t\t\t\t\t\t\t\t<\/div>\n\t\t\t\t<\/div>\n\t\t\t\t\t<\/div>\n\t\t<\/div>\n\t\t\t\t\t<\/div>\n\t\t<\/section>\n\t\t\t\t<section class=\"elementor-section elementor-inner-section elementor-element elementor-element-3df52039 elementor-section-boxed elementor-section-height-default elementor-section-height-default\" data-id=\"3df52039\" data-element_type=\"section\" data-e-type=\"section\">\n\t\t\t\t\t\t<div class=\"elementor-container elementor-column-gap-wider\">\n\t\t\t\t\t<div class=\"elementor-column elementor-col-33 elementor-inner-column elementor-element elementor-element-4f4d26f\" data-id=\"4f4d26f\" data-element_type=\"column\" data-e-type=\"column\">\n\t\t\t<div class=\"elementor-widget-wrap elementor-element-populated\">\n\t\t\t\t\t\t<div class=\"elementor-element elementor-element-4f1964c9 elementor-widget elementor-widget-heading\" data-id=\"4f1964c9\" data-element_type=\"widget\" data-e-type=\"widget\" data-widget_type=\"heading.default\">\n\t\t\t\t<div class=\"elementor-widget-container\">\n\t\t\t\t\t<h2 class=\"elementor-heading-title elementor-size-default\">Per\u00e4k\u00e4rryn lainaus<\/h2>\t\t\t\t<\/div>\n\t\t\t\t<\/div>\n\t\t\t\t<div class=\"elementor-element elementor-element-513bbce0 elementor-widget elementor-widget-text-editor\" data-id=\"513bbce0\" data-element_type=\"widget\" data-e-type=\"widget\" data-widget_type=\"text-editor.default\">\n\t\t\t\t<div class=\"elementor-widget-container\">\n\t\t\t\t\t\t\t\t\t<p>Ostaessasi puutavaraa saat per\u00e4k\u00e4rryn lainaan veloituksetta.<\/p>\t\t\t\t\t\t\t\t<\/div>\n\t\t\t\t<\/div>\n\t\t\t\t\t<\/div>\n\t\t<\/div>\n\t\t\t\t<div class=\"elementor-column elementor-col-33 elementor-inner-column elementor-element elementor-element-1d68a833\" data-id=\"1d68a833\" data-element_type=\"column\" data-e-type=\"column\">\n\t\t\t<div class=\"elementor-widget-wrap elementor-element-populated\">\n\t\t\t\t\t\t<div class=\"elementor-element elementor-element-402c4c4 elementor-widget elementor-widget-heading\" data-id=\"402c4c4\" data-element_type=\"widget\" data-e-type=\"widget\" data-widget_type=\"heading.default\">\n\t\t\t\t<div class=\"elementor-widget-container\">\n\t\t\t\t\t<h2 class=\"elementor-heading-title elementor-size-default\">Kuljetus<\/h2>\t\t\t\t<\/div>\n\t\t\t\t<\/div>\n\t\t\t\t<div class=\"elementor-element elementor-element-6ca8b632 elementor-widget elementor-widget-text-editor\" data-id=\"6ca8b632\" data-element_type=\"widget\" data-e-type=\"widget\" data-widget_type=\"text-editor.default\">\n\t\t\t\t<div class=\"elementor-widget-container\">\n\t\t\t\t\t\t\t\t\t<p>Kuljetamme ostoksesi k\u00e4tev\u00e4sti suoraan ty\u00f6maalle, tai\u00a0 &#8221;kotiovellesi&#8221;.<\/p>\t\t\t\t\t\t\t\t<\/div>\n\t\t\t\t<\/div>\n\t\t\t\t\t<\/div>\n\t\t<\/div>\n\t\t\t\t<div class=\"elementor-column elementor-col-33 elementor-inner-column elementor-element elementor-element-437a400\" data-id=\"437a400\" data-element_type=\"column\" data-e-type=\"column\">\n\t\t\t<div class=\"elementor-widget-wrap elementor-element-populated\">\n\t\t\t\t\t\t<div class=\"elementor-element elementor-element-a4655e0 elementor-widget elementor-widget-heading\" data-id=\"a4655e0\" data-element_type=\"widget\" data-e-type=\"widget\" data-widget_type=\"heading.default\">\n\t\t\t\t<div class=\"elementor-widget-container\">\n\t\t\t\t\t<h2 class=\"elementor-heading-title elementor-size-default\">Woikoski j\u00e4lleenmyyntipiste<\/h2>\t\t\t\t<\/div>\n\t\t\t\t<\/div>\n\t\t\t\t<div class=\"elementor-element elementor-element-ca838a5 elementor-widget elementor-widget-text-editor\" data-id=\"ca838a5\" data-element_type=\"widget\" data-e-type=\"widget\" data-widget_type=\"text-editor.default\">\n\t\t\t\t<div class=\"elementor-widget-container\">\n\t\t\t\t\t\t\t\t\t<p>Olemme virallinen Woikosken j\u00e4lleenmyyntipiste ja kauttamme saat niin teolliset kaasut kuin nestekaasutkin.<\/p>\t\t\t\t\t\t\t\t<\/div>\n\t\t\t\t<\/div>\n\t\t\t\t\t<\/div>\n\t\t<\/div>\n\t\t\t\t\t<\/div>\n\t\t<\/section>\n\t\t\t\t\t<\/div>\n\t\t<\/div>\n\t\t\t\t\t<\/div>\n\t\t<\/section>\n\t\t\t\t<section class=\"elementor-section elementor-top-section elementor-element elementor-element-72dfdb2 elementor-section-boxed elementor-section-height-default elementor-section-height-default\" data-id=\"72dfdb2\" data-element_type=\"section\" data-e-type=\"section\">\n\t\t\t\t\t\t<div class=\"elementor-container elementor-column-gap-default\">\n\t\t\t\t\t<div class=\"elementor-column elementor-col-20 elementor-top-column elementor-element elementor-element-ea9473d\" data-id=\"ea9473d\" data-element_type=\"column\" data-e-type=\"column\">\n\t\t\t<div class=\"elementor-widget-wrap elementor-element-populated\">\n\t\t\t\t\t\t<div class=\"elementor-element elementor-element-2fbb95c elementor-widget elementor-widget-image\" data-id=\"2fbb95c\" data-element_type=\"widget\" data-e-type=\"widget\" data-widget_type=\"image.default\">\n\t\t\t\t<div class=\"elementor-widget-container\">\n\t\t\t\t\t\t\t\t\t\t\t\t\t\t\t<img fetchpriority=\"high\" decoding=\"async\" width=\"1024\" height=\"566\" src=\"https:\/\/nurmijarvenrakennustarvike.fi\/wp-content\/uploads\/2023\/06\/katkasu-1024x566.jpg\" class=\"attachment-large size-large wp-image-2621\" alt=\"\" srcset=\"https:\/\/nurmijarvenrakennustarvike.fi\/wp-content\/uploads\/2023\/06\/katkasu-1024x566.jpg 1024w, https:\/\/nurmijarvenrakennustarvike.fi\/wp-content\/uploads\/2023\/06\/katkasu-300x166.jpg 300w, https:\/\/nurmijarvenrakennustarvike.fi\/wp-content\/uploads\/2023\/06\/katkasu-768x425.jpg 768w, https:\/\/nurmijarvenrakennustarvike.fi\/wp-content\/uploads\/2023\/06\/katkasu.jpg 1109w\" sizes=\"(max-width: 1024px) 100vw, 1024px\" \/>\t\t\t\t\t\t\t\t\t\t\t\t\t\t\t<\/div>\n\t\t\t\t<\/div>\n\t\t\t\t\t<\/div>\n\t\t<\/div>\n\t\t\t\t<div class=\"elementor-column elementor-col-20 elementor-top-column elementor-element elementor-element-435990a\" data-id=\"435990a\" data-element_type=\"column\" data-e-type=\"column\">\n\t\t\t<div class=\"elementor-widget-wrap elementor-element-populated\">\n\t\t\t\t\t\t<div class=\"elementor-element elementor-element-149d36e elementor-widget elementor-widget-image\" data-id=\"149d36e\" data-element_type=\"widget\" data-e-type=\"widget\" data-widget_type=\"image.default\">\n\t\t\t\t<div class=\"elementor-widget-container\">\n\t\t\t\t\t\t\t\t\t\t\t\t\t\t\t<img decoding=\"async\" width=\"940\" height=\"388\" src=\"https:\/\/nurmijarvenrakennustarvike.fi\/wp-content\/uploads\/2023\/06\/levynleikkaus.jpg\" class=\"attachment-large size-large wp-image-2619\" alt=\"\" srcset=\"https:\/\/nurmijarvenrakennustarvike.fi\/wp-content\/uploads\/2023\/06\/levynleikkaus.jpg 940w, https:\/\/nurmijarvenrakennustarvike.fi\/wp-content\/uploads\/2023\/06\/levynleikkaus-300x124.jpg 300w, https:\/\/nurmijarvenrakennustarvike.fi\/wp-content\/uploads\/2023\/06\/levynleikkaus-768x317.jpg 768w\" sizes=\"(max-width: 940px) 100vw, 940px\" \/>\t\t\t\t\t\t\t\t\t\t\t\t\t\t\t<\/div>\n\t\t\t\t<\/div>\n\t\t\t\t\t<\/div>\n\t\t<\/div>\n\t\t\t\t<div class=\"elementor-column elementor-col-20 elementor-top-column elementor-element elementor-element-20d9a1a\" data-id=\"20d9a1a\" data-element_type=\"column\" data-e-type=\"column\">\n\t\t\t<div class=\"elementor-widget-wrap elementor-element-populated\">\n\t\t\t\t\t\t<div class=\"elementor-element elementor-element-836cb99 elementor-widget elementor-widget-image\" data-id=\"836cb99\" data-element_type=\"widget\" data-e-type=\"widget\" data-widget_type=\"image.default\">\n\t\t\t\t<div class=\"elementor-widget-container\">\n\t\t\t\t\t\t\t\t\t\t\t\t\t\t\t<img decoding=\"async\" width=\"845\" height=\"557\" src=\"https:\/\/nurmijarvenrakennustarvike.fi\/wp-content\/uploads\/2023\/06\/hoyla.jpg\" class=\"attachment-large size-large wp-image-2620\" alt=\"\" srcset=\"https:\/\/nurmijarvenrakennustarvike.fi\/wp-content\/uploads\/2023\/06\/hoyla.jpg 845w, https:\/\/nurmijarvenrakennustarvike.fi\/wp-content\/uploads\/2023\/06\/hoyla-300x198.jpg 300w, https:\/\/nurmijarvenrakennustarvike.fi\/wp-content\/uploads\/2023\/06\/hoyla-768x506.jpg 768w\" sizes=\"(max-width: 845px) 100vw, 845px\" \/>\t\t\t\t\t\t\t\t\t\t\t\t\t\t\t<\/div>\n\t\t\t\t<\/div>\n\t\t\t\t\t<\/div>\n\t\t<\/div>\n\t\t\t\t<div class=\"elementor-column elementor-col-20 elementor-top-column elementor-element elementor-element-6307d36\" data-id=\"6307d36\" data-element_type=\"column\" data-e-type=\"column\">\n\t\t\t<div class=\"elementor-widget-wrap elementor-element-populated\">\n\t\t\t\t\t\t<div class=\"elementor-element elementor-element-61d879d elementor-widget elementor-widget-image\" data-id=\"61d879d\" data-element_type=\"widget\" data-e-type=\"widget\" data-widget_type=\"image.default\">\n\t\t\t\t<div class=\"elementor-widget-container\">\n\t\t\t\t\t\t\t\t\t\t\t\t\t\t\t<img loading=\"lazy\" decoding=\"async\" width=\"1024\" height=\"528\" src=\"https:\/\/nurmijarvenrakennustarvike.fi\/wp-content\/uploads\/2023\/06\/vannesaha-1-1024x528.jpg\" class=\"attachment-large size-large wp-image-2618\" alt=\"\" srcset=\"https:\/\/nurmijarvenrakennustarvike.fi\/wp-content\/uploads\/2023\/06\/vannesaha-1-1024x528.jpg 1024w, https:\/\/nurmijarvenrakennustarvike.fi\/wp-content\/uploads\/2023\/06\/vannesaha-1-300x155.jpg 300w, https:\/\/nurmijarvenrakennustarvike.fi\/wp-content\/uploads\/2023\/06\/vannesaha-1-768x396.jpg 768w, https:\/\/nurmijarvenrakennustarvike.fi\/wp-content\/uploads\/2023\/06\/vannesaha-1.jpg 1188w\" sizes=\"(max-width: 1024px) 100vw, 1024px\" \/>\t\t\t\t\t\t\t\t\t\t\t\t\t\t\t<\/div>\n\t\t\t\t<\/div>\n\t\t\t\t\t<\/div>\n\t\t<\/div>\n\t\t\t\t<div class=\"elementor-column elementor-col-20 elementor-top-column elementor-element elementor-element-fbb8657\" data-id=\"fbb8657\" data-element_type=\"column\" data-e-type=\"column\">\n\t\t\t<div class=\"elementor-widget-wrap elementor-element-populated\">\n\t\t\t\t\t\t<div class=\"elementor-element elementor-element-b1363a2 elementor-widget elementor-widget-image\" data-id=\"b1363a2\" data-element_type=\"widget\" data-e-type=\"widget\" data-widget_type=\"image.default\">\n\t\t\t\t<div class=\"elementor-widget-container\">\n\t\t\t\t\t\t\t\t\t\t\t\t\t\t\t<img loading=\"lazy\" decoding=\"async\" width=\"1024\" height=\"572\" src=\"https:\/\/nurmijarvenrakennustarvike.fi\/wp-content\/uploads\/2023\/06\/volvobm-1024x572.jpg\" class=\"attachment-large size-large wp-image-2622\" alt=\"\" srcset=\"https:\/\/nurmijarvenrakennustarvike.fi\/wp-content\/uploads\/2023\/06\/volvobm-1024x572.jpg 1024w, https:\/\/nurmijarvenrakennustarvike.fi\/wp-content\/uploads\/2023\/06\/volvobm-300x168.jpg 300w, https:\/\/nurmijarvenrakennustarvike.fi\/wp-content\/uploads\/2023\/06\/volvobm-768x429.jpg 768w, https:\/\/nurmijarvenrakennustarvike.fi\/wp-content\/uploads\/2023\/06\/volvobm.jpg 1186w\" sizes=\"(max-width: 1024px) 100vw, 1024px\" \/>\t\t\t\t\t\t\t\t\t\t\t\t\t\t\t<\/div>\n\t\t\t\t<\/div>\n\t\t\t\t\t<\/div>\n\t\t<\/div>\n\t\t\t\t\t<\/div>\n\t\t<\/section>\n\t\t\t\t<\/div>\n\t\t","protected":false},"excerpt":{"rendered":"<p>Palvelut Levyjen sahaus Meilt\u00e4 saat levyt m\u00e4\u00e4r\u00e4mittoihin sahattuna.Pinnoitetut lastulevyt, lastulevyt, vanerit, ty\u00f6p\u00f6yt\u00e4tasot yms. M\u00e4\u00e4r\u00e4mittaan sahaukset Kaikenlaisen puutavaran katkaisu m\u00e4\u00e4r\u00e4mittaan. Sahaus- ja katkaisupalvelumme toimii kes\u00e4aikana ainoastaan arkisin. Jos haluat noutaa m\u00e4\u00e4r\u00e4mittaiset tuotteet lauantaina, niin ilmoitathan mitat viimeist\u00e4\u00e4n torstain aikana. H\u00f6yl\u00e4ys H\u00f6yl\u00e4ys tilauksesta. J\u00e4rvenp\u00e4\u00e4n toimipisteess\u00e4mme Puutavaraliike T. Vainio Oy:st\u00e4 l\u00f6ytyy oma h\u00f6yl\u00e4\u00e4m\u00f6, jossa h\u00f6yl\u00e4\u00e4mme suuren osan myymist\u00e4mme [&hellip;]<\/p>\n","protected":false},"author":1,"featured_media":0,"parent":0,"menu_order":0,"comment_status":"closed","ping_status":"closed","template":"","meta":{"_uag_custom_page_level_css":"","site-sidebar-layout":"no-sidebar","site-content-layout":"page-builder","ast-site-content-layout":"default","site-content-style":"default","site-sidebar-style":"default","ast-global-header-display":"","ast-banner-title-visibility":"","ast-main-header-display":"","ast-hfb-above-header-display":"","ast-hfb-below-header-display":"","ast-hfb-mobile-header-display":"","site-post-title":"disabled","ast-breadcrumbs-content":"","ast-featured-img":"disabled","footer-sml-layout":"","ast-disable-related-posts":"","theme-transparent-header-meta":"","adv-header-id-meta":"","stick-header-meta":"","header-above-stick-meta":"","header-main-stick-meta":"","header-below-stick-meta":"","astra-migrate-meta-layouts":"default","ast-page-background-enabled":"default","ast-page-background-meta":{"desktop":{"background-color":"","background-image":"","background-repeat":"repeat","background-position":"center center","background-size":"auto","background-attachment":"scroll","background-type":"","background-media":"","overlay-type":"","overlay-color":"","overlay-opacity":"","overlay-gradient":""},"tablet":{"background-color":"","background-image":"","background-repeat":"repeat","background-position":"center center","background-size":"auto","background-attachment":"scroll","background-type":"","background-media":"","overlay-type":"","overlay-color":"","overlay-opacity":"","overlay-gradient":""},"mobile":{"background-color":"","background-image":"","background-repeat":"repeat","background-position":"center center","background-size":"auto","background-attachment":"scroll","background-type":"","background-media":"","overlay-type":"","overlay-color":"","overlay-opacity":"","overlay-gradient":""}},"ast-content-background-meta":{"desktop":{"background-color":"var(--ast-global-color-5)","background-image":"","background-repeat":"repeat","background-position":"center center","background-size":"auto","background-attachment":"scroll","background-type":"","background-media":"","overlay-type":"","overlay-color":"","overlay-opacity":"","overlay-gradient":""},"tablet":{"background-color":"var(--ast-global-color-5)","background-image":"","background-repeat":"repeat","background-position":"center center","background-size":"auto","background-attachment":"scroll","background-type":"","background-media":"","overlay-type":"","overlay-color":"","overlay-opacity":"","overlay-gradient":""},"mobile":{"background-color":"var(--ast-global-color-5)","background-image":"","background-repeat":"repeat","background-position":"center center","background-size":"auto","background-attachment":"scroll","background-type":"","background-media":"","overlay-type":"","overlay-color":"","overlay-opacity":"","overlay-gradient":""}},"footnotes":""},"class_list":["post-2463","page","type-page","status-publish","hentry"],"uagb_featured_image_src":{"full":false,"thumbnail":false,"medium":false,"medium_large":false,"large":false,"1536x1536":false,"2048x2048":false},"uagb_author_info":{"display_name":"tempo","author_link":"https:\/\/nurmijarvenrakennustarvike.fi\/?author=1"},"uagb_comment_info":0,"uagb_excerpt":"Palvelut Levyjen sahaus Meilt\u00e4 saat levyt m\u00e4\u00e4r\u00e4mittoihin sahattuna.Pinnoitetut lastulevyt, lastulevyt, vanerit, ty\u00f6p\u00f6yt\u00e4tasot yms. M\u00e4\u00e4r\u00e4mittaan sahaukset Kaikenlaisen puutavaran katkaisu m\u00e4\u00e4r\u00e4mittaan. Sahaus- ja katkaisupalvelumme toimii kes\u00e4aikana ainoastaan arkisin. Jos haluat noutaa m\u00e4\u00e4r\u00e4mittaiset tuotteet lauantaina, niin ilmoitathan mitat viimeist\u00e4\u00e4n torstain aikana. H\u00f6yl\u00e4ys H\u00f6yl\u00e4ys tilauksesta. J\u00e4rvenp\u00e4\u00e4n toimipisteess\u00e4mme Puutavaraliike T. Vainio Oy:st\u00e4 l\u00f6ytyy oma h\u00f6yl\u00e4\u00e4m\u00f6, jossa h\u00f6yl\u00e4\u00e4mme suuren osan myymist\u00e4mme&hellip;","_links":{"self":[{"href":"https:\/\/nurmijarvenrakennustarvike.fi\/index.php?rest_route=\/wp\/v2\/pages\/2463","targetHints":{"allow":["GET"]}}],"collection":[{"href":"https:\/\/nurmijarvenrakennustarvike.fi\/index.php?rest_route=\/wp\/v2\/pages"}],"about":[{"href":"https:\/\/nurmijarvenrakennustarvike.fi\/index.php?rest_route=\/wp\/v2\/types\/page"}],"author":[{"embeddable":true,"href":"https:\/\/nurmijarvenrakennustarvike.fi\/index.php?rest_route=\/wp\/v2\/users\/1"}],"replies":[{"embeddable":true,"href":"https:\/\/nurmijarvenrakennustarvike.fi\/index.php?rest_route=%2Fwp%2Fv2%2Fcomments&post=2463"}],"version-history":[{"count":35,"href":"https:\/\/nurmijarvenrakennustarvike.fi\/index.php?rest_route=\/wp\/v2\/pages\/2463\/revisions"}],"predecessor-version":[{"id":3065,"href":"https:\/\/nurmijarvenrakennustarvike.fi\/index.php?rest_route=\/wp\/v2\/pages\/2463\/revisions\/3065"}],"wp:attachment":[{"href":"https:\/\/nurmijarvenrakennustarvike.fi\/index.php?rest_route=%2Fwp%2Fv2%2Fmedia&parent=2463"}],"curies":[{"name":"wp","href":"https:\/\/api.w.org\/{rel}","templated":true}]}}